= -2636. What is the units digit of v?
7
Let x(p) = 12*p**2 - p - 4. Let d be ((3/(-2))/(-1))/((-1)/(-2)). What is the units digit of x(d)?
1
Suppose -11*z - 2352 = -3*z. What is the tens digit of 2 - 3/(9/z)?
0
Let d(p) be the second derivative of p**5/20 - p**4/3 - 3*p**3/2 + 5*p**2/2 - 14*p. Let l = -2 + 8. What is the units digit of d(l)?
3
Let i(a) = -6*a - 6. What is the tens digit of i(-15)?
8
Let c = 2176 + -769. What is the thousands digit of c?
1
Suppose -u = -4*u, 2*s + u - 494 = 0. What is the hundreds digit of s?
2
Suppose -u = u + 6. Let y be 2 + u + 1 - -22. What is the tens digit of -1 + y/4*6?
3
Suppose 0 = -5*c - 5*j + 6460, -5*c - 3*j + 7*j = -6505. What is the thousands digit of c?
1
What is the hundreds digit of 236 + (0/6)/(-3 + 5)?
2
Let y be -2 + 2 - (-3 - 1). Suppose -3*d + 7 = -2*d - y*n, 3*d = 4*n + 13. Suppose 4*o = -2*g - 0*o + 52, -4*g = d*o - 99. What is the units digit of g?
4
Let f = -1082 + 2474. What is the hundreds digit of f?
3
Let v(i) = -i**2 - 13*i - 17. Let s be v(-11). What is the units digit of 81/(-15)*(-10 + s)?
7
Let v = 24 - 22. What is the tens digit of (9 + 18)/(v/6)?
8
What is the thousands digit of (-294)/5*(6 + 171/(-6))?
1
Suppose 0*u + 1 = 3*u + l, 4*u + 3*l + 7 = 0. Suppose 98 = u*c + 5*w, -w - 4 + 0 = 0. What is the units digit of c?
9
Let g(r) be the first derivative of -r**4/2 + 29*r**3/3 + 15*r**2/2 + 14*r - 29. What is the tens digit of g(15)?
1
Let i(h) = 29*h + 25. Let u be i(4). Suppose 2*a - 2*x = -x + u, x + 214 = 3*a. What is the tens digit of a?
7
Let c(a) be the second derivative of -5*a**3/3 - a**2/2 + 2*a - 50. Suppose 2*j - 4*z + 16 = -0*j, -z - 3 = 3*j. What is the units digit of c(j)?
9
Let k(m) = -m**3 - m**2 - 9*m - 8. Let i be k(-6). Let x = i + -142. What is the tens digit of x?
8
Let n be 1/4 - (-28)/16. Let p(h) = -9*h + n*h + 15 + 6*h. What is the units digit of p(-14)?
9
Let v(o) = o - 2. Suppose -5*k - 3 = -3*f - 19, 22 = 5*k - f. Let z be v(k). Suppose -t - 22 = -i + 3*t, 0 = z*i + 4*t - 50. What is the tens digit of i?
1
Suppose 15 = 6*v - v. Let w(b) = -2*b**2 + 3*b**2 - v*b + 3 - 2*b + 2*b**3 + 2*b. What is the units digit of w(3)?
7
Suppose 2*w - 447 = -3*k + 1006, 5*k + 3*w - 2420 = 0. What is the units digit of k?
1
Let t(s) = s**3 + 50*s**2 - 108*s + 57. What is the tens digit of t(-52)?
6
Let h(z) = -z**3 + 5*z**2 - 4*z + 6. Let s be h(4). Let j(g) = 2*g**3 - g**3 + 32*g**2 + s + 5*g - 21*g**2. What is the tens digit of j(-10)?
5
Suppose 0 = -62*v + 41*v + 25284. What is the units digit of v?
4
Suppose -w + 3*l = -207 - 216, 0 = -2*l + 8. What is the hundreds digit of w?
4
Let y = 116 + -68. Let c be (2116/(-276))/(1/(-12)). Let k = c - y. What is the tens digit of k?
4
Let g = -2 + 0. Let k = 1 - g. Suppose -k*j = 12, -3*a + 3*j + 2*j + 161 = 0. What is the tens digit of a?
4
Let b be 56/16 - 3/2. Suppose -605 = -3*q - b*q. What is the tens digit of q?
2
Let l = 576 + -32. What is the hundreds digit of l?
5
Let b = 549 - -3834. What is the thousands digit of b?
4
Suppose -954 = -t + 3*r, -4*t - 180*r = -175*r - 3884. What is the units digit of t?
6
Let k(p) = p - 6. Let d be k(7). Let t be -1 + 3 - 2 - d. What is the units digit of t*(4 - 2) + 4?
2
Suppose 179*a - 186*a = -6454. What is the units digit of a?
2
Let x(t) = -t**3 - 2*t**2 - 3*t + 9. Suppose -4*o + 2*y = 22, o - 3 = 3*y - 11. What is the tens digit of x(o)?
9
Suppose 19*y = 14*y + 10. Suppose 0 = -t - 0*t + 4*h + 57, -y*h + 329 = 5*t. What is the units digit of t?
5
Let m = 71 - -92. What is the hundreds digit of m?
1
Suppose -840 = -2*k - 272. What is the units digit of k?
4
Suppose 2*z + 10 = 0, 9*m - 1392 = 6*m - 3*z. What is the tens digit of m?
6
Let l(q) = -q**3 + 4*q**2 + 7*q - 5. Let f be l(5). Suppose -4*u - 16 = -f*k, u + 2 = -k - 2. Suppose -2*j = -k*j - 8. What is the units digit of j?
4
Let f = -841 - -1140. What is the tens digit of f?
9
Suppose 3*r - 105 = -27. Suppose q - r - 11 = 0. What is the units digit of q?
7
Let s(y) = 3*y**2 + 7*y + 59. What is the tens digit of s(-15)?
2
Let d(a) = -a**2 + 4*a + 3. Let m = -16 + 12. Let k be d(m). Let n = k - -48. What is the tens digit of n?
1
Let o(f) = 4*f - 16. Let a be o(6). Suppose a*l - 2*l = 552. What is the units digit of l?
2
Suppose 0 = 2*f - 5*o - 1771, -f + 4*o + 1135 = 251. Let k be 3 - f/(-3 - 1). Suppose 2*r = 7*r - k. What is the tens digit of r?
4
Suppose 4*y - y - 5*t = 699, -4*y = -t - 915. What is the units digit of y?
8
Let z(f) = -2*f - 75. Let w be z(0). What is the units digit of 10/w + (-2074)/(-30)?
9
Let d(z) = z**3 + z**2 - 15*z + 47. What is the hundreds digit of d(5)?
1
Let u(m) = 8*m**2 + 12*m + 7. What is the tens digit of u(10)?
2
Let x be 22*2*4/(-16). Let q = 13 + x. What is the units digit of ((-32)/(-10))/(q/5)?
8
Suppose -15*v + 121320 = 25*v. What is the units digit of v?
3
What is the units digit of -6 - (120/(-9))/((-11)/(-4059))?
4
Let o = -557 + 831. What is the tens digit of o?
7
What is the tens digit of (255 - -9) + 0 + 7?
7
Let a(n) be the first derivative of n**2/2 + 3*n - 8. Let b be a(4). Suppose 33 = 2*m - 2*r + b*r, 2*m = -2*r + 48. What is the units digit of m?
9
Let q(k) = k**3 + 2*k**2 - 3*k + 4. Let h be q(-3). Let m be (-44)/h - (-3 + 2). Let b = m + 18. What is the units digit of b?
8
Suppose -5*m + 3*m = -8. Suppose 5*u - 51 = f - 5, -u + 5 = m*f. What is the units digit of u?
9
Suppose 98 = q + 3*m - 69, -331 = -2*q - 3*m. What is the units digit of q?
4
What is the units digit of 4469 - ((-30)/(-75) - (-24)/(-10))?
1
Let h(x) = x**3 - 13*x**2 + 12*x + 6. Suppose d - 4*c + 8 = 0, c + 31 = -4*d + 7*d. Let p be h(d). Suppose -58 - p = -2*a. What is the tens digit of a?
3
Let r(b) = 115*b - 289. What is the tens digit of r(15)?
3
Let n be (-6)/4*-2 - (-6 - -5). Suppose -4*g = 4*v - 380, -n*g + 4*v - v + 394 = 0. What is the units digit of g?
7
Let o = 4 + -11. What is the tens digit of 6520/56 + 3/o?
1
What is the units digit of (-11 + 7)*(-1479)/6?
6
Suppose 4*u + 45*p - 47*p = 2450, 3*u + 3*p = 1842. What is the hundreds digit of u?
6
Let n = 1448 + 34. Suppose -n = -v - 5*v. Suppose v = -6*w + 661. What is the units digit of w?
9
Let p be (3 + -9)/1*16*-1. Suppose 65*g - 62*g = p. What is the tens digit of g?
3
Let r = 452 - 445. What is the units digit of r?
7
What is the tens digit of ((-1)/3)/(47/(-7473))?
5
Let o be (-3)/(-2) + 203/14. Suppose 66 = 17*f - o*f. What is the units digit of f?
6
Suppose -6*m + 746 = -m + 4*j, 5*m = 2*j + 722. Suppose 4*l - 34 = -5*q + m, -4*q + 144 = -l. What is the tens digit of q?
3
Suppose 742 = 5*i - 463. What is the units digit of i?
1
Let g be (4 - 4 - 3) + -5. Let c(h) = h**2 - h - 8. Let t be c(g). Suppose 2*x - 4*w = t, w + 163 = 4*x - 0*w. What is the tens digit of x?
4
Let y be (-3)/9*0 + 7. Suppose y*v - v = 204. What is the tens digit of v?
3
Let t = -10 + 26. Let q = 96 + -59. Let c = q - t. What is the tens digit of c?
2
Suppose -3*q + 9 + 6 = -o, -2*q + 4*o = -10. Suppose -s + q*v = -209, -v - 252 + 31 = -s. What is the hundreds digit of s?
2
What is the hundreds digit of (392/(-24) + 11)/((-2)/111)?
2
Let y(t) = t**3 - 7*t**2 - 11*t + 8. Let g be y(7). Let n = g + 156. What is the units digit of n?
7
Let j = -16 - -16. Suppose j = -b + 3*u + 8, -3*u - 2*u - 18 = -4*b. Suppose 13 = b*l - 5*f, -3 = f - 2. What is the units digit of l?
4
Let f be (-1 + 9)/(-1) + 2. Let m(z) = -z**3 + z**2 + 3. Let n be m(3). What is the units digit of (n/f)/(3/42)?
5
Suppose 2*a = -3*t + 891, 415 - 1779 = -3*a + t. What is the hundreds digit of a?
4
What is the units digit of 2/16 + (-38467)/(-104)?
0
Suppose -31 + 303 = c. What is the tens digit of c?
7
Let r(n) = n**3 + 14*n**2 + 25*n + 11. Let b be r(-12). What is the tens digit of (35/2)/(b/(-4))?
7
Suppose 15 = 3*u + 4*b, 2*b = -3*b. Suppose w + 396 = u*w. Let i = w - 69. What is the tens digit of i?
3
Let y = 358 - -1461. What is the hundreds digit of y?
8
Let k(d) = -3*d + 1. Let l be k(0). What is the units digit of 98 - (2/(-3)*-3 + l)?
5
Let u = 155 - 84. Let l = -7 + u. What is the tens digit of l?
6
Suppose 0 = -5*i + 5*s + 2210, 7*i + 3*s - 2210 = 2*i. What is the units digit of i?
2
Let x(l) = l**3 - 12*l**2 + 7*l + 16. Let s(i) = -2*i**3 + 24*i**2 - 14*i - 31. Let p(k) = -